hat is -2a12 - a7?
-3009
In base 11, what is -319 - 3?
-321
In base 11, what is -117 - -8a?
-38
In base 2, what is 10001000110000 + -100000111?
10000100101001
In base 6, what is 1005231 + -2?
1005225
In base 4, what is -2030121 - 10020?
-2100201
In base 10, what is 18833 - -61?
18894
In base 13, what is b9 - -151a?
1606
In base 5, what is -1001 - -14141?
13140
In base 14, what is 9ba + 108?
ac4
In base 10, what is -1 - -80942?
80941
In base 16, what is 57 - -1013?
106a
In base 3, what is -21222001001 + 12?
-21222000212
In base 5, what is -1043134 - -123?
-1043011
In base 5, what is -10141 - -202?
-4434
In base 15, what is -8 + -22ce?
-22d7
In base 14, what is -134 + 121?
-13
In base 4, what is 3 - 11303101?
-11303032
In base 16, what is 42 + -f95?
-f53
In base 16, what is -29 - -1992?
1969
In base 15, what is 125 - -6ea?
820
In base 8, what is 757013 - 12?
757001
In base 6, what is 3 + 2540251?
2540254
In base 8, what is -615201 - -2?
-615177
In base 14, what is -46 + -2d35?
-2d7b
In base 6, what is 40 + -545010?
-544530
In base 2, what is -1001000111 - -111?
-1001000000
In base 15, what is 7 - 4677?
-4670
In base 15, what is -63407 - 3?
-6340a
In base 5, what is 312 - -33221?
34033
In base 9, what is -70 + 126?
46
In base 7, what is -14 - 5332?
-5346
In base 12, what is -4 - -18556?
18552
In base 9, what is 132 - 3444?
-3312
In base 15, what is 8d7d0 + -14?
8d7bb
In base 15, what is -c28 - -2?
-c26
In base 9, what is 1 - -1072152?
1072153
In base 14, what is -22 - 87d?
-8a1
In base 13, what is -50 + -97?
-117
In base 6, what is 1000325 - 13?
1000312
In base 11, what is -301 - 1517?
-1818
In base 2, what is 11111110101000001 + -100?
11111110100111101
In base 15, what is -50 + 15c0?
1570
In base 2, what is -101 - 10110000001?
-10110000110
In base 2, what is -111111111010110 + 10?
-111111111010100
In base 9, what is 2376 - 56?
2320
In base 8, what is -50 - 1227?
-1277
In base 5, what is -3 + 144222130?
144222122
In base 14, what is -4 - 161b2?
-161b6
In base 14, what is 7109b - -1?
7109c
In base 10, what is -69097 - -4?
-69093
In base 16, what is -6 + -6aff?
-6b05
In base 13, what is -21 + 35a?
339
In base 4, what is -22303 - -121?
-22122
In base 13, what is -b - -7125?
7117
In base 3, what is 1111 + -201211122?
-201210011
In base 16, what is -45 + 2?
-43
In base 7, what is -33560 - 1?
-33561
In base 13, what is -64 - 159?
-1c0
In base 14, what is 76449 + -5?
76444
In base 13, what is 3 - 8026?
-8023
In base 8, what is 4 + -22235?
-22231
In base 16, what is -a333 - 3?
-a336
In base 14, what is -26b + -123?
-390
In base 5, what is -1 - -4420?
4414
In base 12, what is 506a89 - 4?
506a85
In base 8, what is 0 + 327256?
327256
In base 5, what is -1004431233 - 10?
-1004431243
In base 8, what is 30 - 15045?
-15015
In base 11, what is 3 - -11187?
1118a
In base 13, what is 3 - 35613?
-35610
In base 13, what is -a - c2720?
-c272a
In base 9, what is -111035 + 1?
-111034
In base 12, what is -11a + -500?
-61a
In base 2, what is -10111011101100001 - -1?
-10111011101100000
In base 15, what is -3ceec + 7?
-3cee5
In base 11, what is -1aa88 - -1?
-1aa87
In base 8, what is -702140 - 3?
-702143
In base 14, what is 28 - -1584?
15ac
In base 10, what is 19 - -652?
671
In base 15, what is -1a + 19626?
1960b
In base 15, what is -2b31 - 18?
-2b49
In base 16, what is 1d22c + 19?
1d245
In base 5, what is 42 - -1010414?
1011011
In base 3, what is 110112002 - 0?
110112002
In base 12, what is -16 - 28344?
-2835a
In base 5, what is 130020 - 11?
130004
In base 8, what is -14 - 5715?
-5731
In base 9, what is 56 + -4641?
-4574
In base 5, what is 324 - -4414?
10243
In base 13, what is -34a - -53?
-2c7
In base 10, what is 1085 - -997?
2082
In base 12, what is -222 - 160?
-382
In base 8, what is -1140 - 1203?
-2343
In base 12, what is -10a7 + 527?
-780
In base 12, what is -16859 - -7?
-16852
In base 15, what is 9 - -49b7?
49c1
In base 6, what is -5404 - -4554?
-410
In base 13, what is 91c0 - -81?
9271
In base 4, what is 20312012 + 11?
20312023
In base 7, what is 204163 - 4?
204156
In base 6, what is -235535 - 31?
-240010
In base 16, what is -c - -25bf5?
25be9
In base 15, what is 949d - -4?
94a2
In base 6, what is -432405 + -5?
-432414
In base 2, what is 1011111111 + -10?
1011111101
In base 6, what is -2 + 12343?
12341
In base 6, what is -3 + -4030252?
-4030255
In base 12, what is -65 - -994?
92b
In base 15, what is 5bd5 + -4?
5bd1
In base 8, what is 0 - 1035505?
-1035505
In base 7, what is 16421412 + -5?
16421404
In base 2, what is 111 - 1110001100?
-1110000101
In base 7, what is -34252 - 16?
-34301
In base 3, what is -121 - 12102021?
-12102212
In base 9, what is 2 + 2515?
2517
In base 12, what is 808102 - 0?
808102
In base 7, what is -3 + 30466?
30463
In base 14, what is -2 - 118?
-11a
In base 4, what is -1130131 + 231?
-1123300
In base 16, what is -6 - -1d1e?
1d18
In base 9, what is -760 + 652?
-107
In base 2, what is 1001000001001000 + -1000?
1001000001000000
In base 15, what is 4 + -657a1?
-6579c
In base 2, what is -10100010 + -110010011100?
-110100111110
In base 15, what is -aee8 + 5?
-aee3
In base 15, what is 5 + -193ce?
-193c9
In base 7, what is 1632306 + 3?
1632312
In base 3, what is -11 + 1220202?
1220121
In base 9, what is 7 - 558238?
-558231
In base 12, what is -b0 - -2141?
2051
In base 3, what is -21100122 + -12?
-21100211
In base 12, what is -5b9b6 - -1?
-5b9b5
In base 6, what is 4435531 + 0?
4435531
In base 13, what is -12 + 80b3?
80a1
In base 6, what is 24534 - 1225?
23305
In base 15, what is -3336 - -1?
-3335
In base 12, what is 132 + -65b2?
-6480
In base 12, what is -b7 + 246?
14b
In base 14, what is 25b7 - -3?
25ba
In base 11, what is -101 + 20514?
20413
In base 10, what is -3 - 281106?
-281109
In base 13, what is 4 + -5219?
-5215
In base 2, what is 10000000010 + 101110111?
10101111001
In base 2, what is 1001000 - -1011101101110?
1011110110110
In base 7, what is 145353 + 0?
145353
In base 10, what is 13575 + -29?
13546
In base 6, what is -1114503 - 2?
-1114505
In base 5, what is 3 - -10201?
10204
In base 13, what is 12a11 + 4?
12a15
In base 4, what is 112330323023 + 2?
112330323031
In base 15, what is 35712 + -b?
35706
In base 10, what is -192447 - 12?
-192459
In base 9, what is -2413 - -43?
-2360
In base 11, what is 1a - -18a6?
1915
In base 15, what is -76 - -2ac?
236
In base 5, what is 0 - 410330?
-410330
In base 12, what is 8 + 18a9?
18b5
In base 5, what is -44243 - 410?
-100203
In base 10, what is 1683 - 2022?
-339
In base 7, what is -4 - 106322?
-106326
In base 6, what is -254231 - -2?
-254225
In base 16, what is -4dd3 + 2?
-4dd1
In base 13, what is 5 - 1727?
-1722
In base 5, what is 21434 + 134?
22123
In base 16, what is 4 + 361e?
3622
In base 13, what is -13121 + 9?
-13115
In base 12, what is -41370 - -13?
-41359
In base 9, what is -4 - -1574?
1570
In base 6, what is -1135323 - -3?
-1135320
In base 13, what is -282 - 2c4?
-576
In base 15, what is 587d3 + -2?
587d1
In base 16, what is -3173f + 2?
-3173d
In base 7, what is 203 - -13462?
13665
In base 12, what is 1876b8 - -5?
187701
In base 10, what is 5 - 829884?
-829879
In base 4, what is -302201322 - -133?
-302201123
In base 15, what is 1c - 217b?
-215e
In base 16, what is c33d - 1?
c33c
In base 7, what is 30644 - -5?
30652
In base 5, what is 1101 + -122301?
-121200
In base 10, what is -39 + 2856?
2817
In base 6, what is -135123545 + -1?
-135123550
In base 7, what is 133143 - 4?
133136
In base 15, what is -3 + 3709?
3706
In base 10, what is -3 + 67099?
67096
In base 7, what is 2313 - -32?
2345
In base 13, what is -89a95 + 4?
-89a91
In base 7, what is 0 + -2226622?
-2226622
In base 8, what is 237165 - -15?
237202
In base 7, what is -3 + 344?
341
In base 10, what is -9666 - -5?
-9661
In base 10, what is 10 + -2801?
-2791
In base 14, what is -73 + -2816?
-2889
In base 9, what is -4 - -106624?
106620
In base 9, what is 5 + 13412?
13417
In base 16, what is 1 + 125009?
12500a
In base 12, what is -13 - 3b26?
-3b39
In base 9, what is -1 - 5468?
-5470
In base 5, what is -2 - -24220142?
24220140
In base 13, what is -1a4 - 16ac?
-1883
In base 12, what is 416086 - 6?
416080
In base 16, what is f7f - 3?
f7c
In base 12, what is -260 + -6b4?
-954
In base 4, what is -322331 + 2000?
-320331
In base 15, what is e0c2 + -2